+ 2*d + 1. Let l be u(-2). Calculate the greatest common factor of l and 3.
3
Let j be -28*(-1)/((-20)/(-55)). What is the greatest common factor of j and 7?
7
Let s(b) = b**3 + 8*b**2 + 5*b - 6. Let g be s(-7). Calculate the greatest common factor of g and 40.
8
Let p be -4 + 1 + 32/(4 + 4). Let f(t) = -t**3 - 10*t**2 - t - 1. Let r be f(-10). Calculate the highest common divisor of r and p.
1
Suppose 14*u = 4*u + 560. Let m = 5 + 2. Calculate the greatest common factor of u and m.
7
Let i(f) = -f**3 - 6*f**2 + 4*f + 3. Let v be i(-7). Let h = 7 + 5. Calculate the greatest common divisor of h and v.
12
Let j = 41 + -29. Calculate the greatest common factor of j and 60.
12
Suppose -g = 2*z, -g - 2*g + 15 = z. What is the highest common divisor of g and 6?
6
Let j = 3 - 18. Let b be (42/8)/(j/(-40)). What is the highest common factor of b and 42?
14
Let d(m) be the second derivative of -2*m**3/3 - 2*m**2 + 4*m. Let j be d(-4). What is the highest common factor of 48 and j?
12
Let b = -82 + 237. What is the highest common factor of 62 and b?
31
Let o = 217 - 151. What is the highest common divisor of o and 44?
22
Suppose 4*i - 104 = -8. Let l = -14 + i. Calculate the greatest common divisor of l and 90.
10
Let x(y) = -y**3 + 2*y**2 + 5*y - 3. Let q be x(3). Calculate the highest common divisor of q and 9.
3
Let w = -2 + 7. Suppose 3*c - 60 = w*c. Let t be (c/(-1) - 0) + 0. What is the highest common divisor of t and 12?
6
Let c = 3 - -1. Let h be (-3)/(-4)*(116 + c). Suppose 3*o - 2*d - 43 = 0, -o + 5*d - 3 = -13. Calculate the highest common divisor of o and h.
15
Let t be 3*3/1*2. Suppose -r - 18 = -z, -2*z + 1 = 8*r - 3*r. Let v = 22 - z. What is the highest common factor of t and v?
9
Let f(v) = -v**2 + 2*v + 2 + 4*v + 0. Let p be f(6). Suppose b - p*b + 18 = 0. What is the highest common divisor of b and 45?
9
Let c = 24 - 14. Calculate the greatest common divisor of 50 and c.
10
Let u = 24 - 13. Let t = u - 6. Suppose t*c - 41 = -1. Calculate the highest common divisor of 40 and c.
8
Suppose -m + 7 = 4*y, -23 = -0*m - 2*m - 5*y. Calculate the highest common factor of m and 209.
19
Let z = 10 - -5. What is the greatest common divisor of 15 and z?
15
Suppose 5*y + 15 = 150. Let z be (-9)/(-6) - 6/(-4). Let a be 8 - (-2 - (2 - z)). Calculate the greatest common divisor of a and y.
9
Suppose 0 = 2*f - u - 34 + 3, 3*f - 34 = -u. Suppose -9*c - 65 = -14*c. Calculate the greatest common divisor of f and c.
13
Let x(y) = y**3 + 3*y**2 + 2*y. Let w be x(-2). Suppose w*r - 9 = -3*r. Calculate the highest common factor of r and 24.
3
Let a be (-2)/(-3) - (-1)/3. Suppose i - a = -0. Let b = 0 + i. Calculate the greatest common divisor of 5 and b.
1
Let m be (-2)/2 - (-5 + 2). Suppose -m = -4*i + 74. Calculate the highest common divisor of 38 and i.
19
Let u be 4/(-14) - (-102)/14. Let h be u/(-2)*-4*1. Let n(q) = -18*q + 4. Let f be n(-6). What is the greatest common divisor of h and f?
14
Suppose 2*u = -0*u + 288. Calculate the highest common factor of 9 and u.
9
Suppose -2*h + 0*h = 2*d, 4*d + 4 = 0. Calculate the greatest common divisor of 5 and h.
1
Suppose 3*d - 224 = d. Calculate the greatest common divisor of 16 and d.
16
Suppose -34*k - 24 = -36*k. Let u = -9 + 17. What is the highest common factor of k and u?
4
Let i = 147 + -129. Suppose 140 = 3*o - 292. Calculate the greatest common factor of i and o.
18
Suppose -c = -4*w - 1, 4*c - 7 = -4*w - 3. Let j = 18 - 9. Calculate the greatest common divisor of c and j.
1
Let o be -1*(-3 + (0 - 6)). Calculate the highest common factor of o and 9.
9
Let b = -115 + 225. Calculate the greatest common divisor of 10 and b.
10
Let t(w) = 4 - 5*w - 6 + 0*w**2 + 0*w**2 + 3*w**2. Let o be t(4). Calculate the highest common factor of o and 26.
26
Suppose 48 = 3*b + 18. Suppose 58 = g - 50. Let l be g + 1 + 2/2. What is the greatest common factor of b and l?
10
Suppose -73 = -5*s - 13. Suppose 6*n - 3*n - s = 0. Let f(j) = j**3 - 2*j**2 + 5*j - 4. Let x be f(3). What is the highest common factor of x and n?
4
Let d = 35 + 119. Suppose d + 6 = 4*q. Suppose -q = -5*v - 5. Calculate the greatest common factor of 49 and v.
7
Suppose 0*v - 5*y - 45 = -5*v, 0 = -5*v - 4*y + 18. Let k = 0 + 0. Suppose r + k*r - 3 = 0. What is the highest common factor of r and v?
3
Let k(m) = -5*m - 15. Let j(n) = -n - 4. Let h(d) = -9*j(d) + 2*k(d). Let t be h(-8). Suppose 4 = 4*b - 24. Calculate the highest common divisor of b and t.
7
Suppose 8*r = -3*o + 4*r - 61, -3*o - 5*r = 56. Suppose -3*i = -i - 4. Let k be ((-4)/6)/(i/o). What is the highest common divisor of k and 18?
9
Suppose c - 4 = -c. Let z be (-3 + 1)/c - -18. Calculate the greatest common divisor of 17 and z.
17
Suppose -5*h - 9 + 29 = 5*r, 0 = -4*h + 4*r + 16. Let w be -4 + (-3 - -4) + 23. What is the greatest common factor of h and w?
4
Let q be (-2 - -43 - 1) + 3. Let s = -3 + 9. Suppose -2*n = s*y - y - q, 5*y - 49 = 4*n. What is the highest common divisor of y and 1?
1
Let h(z) = -z**2 - 3*z + 2. Let f be h(-3). Suppose f*m - 660 = -2*m. Let k = 30 - 15. Calculate the highest common divisor of m and k.
15
Let y be 1/2*(-204)/2. Let c be 0 - y - (-2 + -1). Calculate the greatest common factor of 18 and c.
18
Let f(h) = 2*h. Let x be f(5). Let d be 2/(-2 - x/(-4)). Suppose -3*y = -b + 6*b - 449, d*b - 302 = -2*y. Calculate the highest common divisor of 13 and y.
13
Suppose -4*u + 9*u = 30. Calculate the greatest common factor of 20 and u.
2
Let h(s) = 2*s**2 + 4*s + 3. Let f be h(-2). Let q = 24 - 19. Suppose f + q = t. Calculate the greatest common factor of 24 and t.
8
Suppose 5 = -2*j + 25. Suppose 4*d = -2*v + 124, -3*d + 96 = -12*v + 15*v. Calculate the greatest common factor of j and d.
10
Suppose 0 = 3*q + 4*z - 135, 0 = q - 2*q + z + 45. Calculate the greatest common divisor of 60 and q.
15
Let i be ((-1)/4)/(1/(-52)). Calculate the greatest common factor of i and 52.
13
Let d = -6 + 11. Suppose -i + 0 + 1 = -n, -n - 1 = -d*i. Let o = 6 + i. What is the greatest common divisor of o and 9?
3
Suppose 2*o - 78 = -u, -6 = -o - 2*o. Suppose 5*l - u = 196. Let c(g) = 3*g - 3. Let m be c(3). What is the highest common factor of m and l?
6
Suppose -2*h = 2, -3*a - h + 2 = -0*a. Let c be (3/9)/((-1)/(-12)). Suppose 5*l - 14 = -c. Calculate the greatest common factor of a and l.
1
Suppose -2*x + 8 = -8. Let u(y) = 56*y**3 - y**2 + 1. Let b be 2 - (3 - 2) - 0. Let g be u(b). Calculate the highest common factor of x and g.
8
Suppose -4*l + 78 = -2*l - 4*h, -3*l + 4*h = -113. Calculate the greatest common divisor of 5 and l.
5
Let p be (2 - 0) + -1 + 55. Let j be ((-36)/14)/((-2)/p). Suppose 3*o + 30 = 174. What is the highest common factor of o and j?
24
Let n be 10*1*1/(-2). Let f = -10 - n. Let a = f + 14. What is the highest common factor of 6 and a?
3
Let p(h) = -2*h + 25. Let x be p(-7). What is the highest common factor of 78 and x?
39
Let p(v) = 11*v**2 - v + 81. Let j be p(0). What is the highest common divisor of j and 54?
27
Let p(q) = -5*q**2 - 7*q + 4. Let v be p(5). Let t = v - -365. Let m = -9 + 28. Calculate the greatest common divisor of t and m.
19
Let k = -8 - -7. Let a be 63/6*(k - -3). What is the greatest common divisor of 189 and a?
21
Suppose -2*s = -2*r - 28, 3*r + 60 = 4*s + s. Calculate the highest common factor of 63 and s.
9
Let r(m) = -5*m - 1. Let f be r(4). Let i = f - -37. What is the highest common divisor of i and 4?
4
Suppose 14 = -3*o + 2. Let y be (2 + o)*(-38)/4. Suppose -5 = 2*l + 1, -3*p + 525 = -4*l. What is the greatest common divisor of p and y?
19
Let b be (1 + (-6)/10)*140. Let i be b/6 - 4/12. What is the greatest common factor of 6 and i?
3
Let k be -12 - -4*4/(-4). Let z = 58 + k. What is the greatest common divisor of 14 and z?
14
Suppose -4 = -3*m + 26. What is the highest common divisor of 1 and m?
1
Suppose 5*m - 15 = -5. Suppose m*y = -3*y + 30. Calculate the greatest common factor of y and 12.
6
Let a = 6 - 3. Suppose -x - l + 16 = 0, 4*l + 0*l = -a*x + 44. Calculate the highest common divisor of 5 and x.
5
Suppose -g = -l - 43, -g + l - 191 = -6*g. Let v be -1 - (-38)/3 - 28/(-21). Calculate the greatest common divisor of g and v.
13
Let h be 0 + 0/1 - 9. Let n = -7 - h. Suppose -5*j + 36 + 39 = 5*t, n*t = -